.
174
Calculate the greatest common factor of 17254 and 314618063.
8627
What is the highest common divisor of 2324291 and 987?
47
What is the greatest common factor of 640 and 278020480?
640
Calculate the greatest common divisor of 12059 and 2214609.
31
What is the highest common divisor of 106530150 and 15?
15
What is the highest common divisor of 2720 and 610549220?
340
Calculate the highest common factor of 299403 and 783.
27
What is the highest common factor of 11825 and 17317175?
1075
What is the greatest common factor of 1700201 and 2097?
233
What is the greatest common factor of 34914 and 35838?
66
What is the highest common factor of 611600 and 348700?
1100
Calculate the greatest common factor of 97848908 and 21973.
3139
Calculate the greatest common divisor of 11020 and 20405183.
551
Calculate the highest common factor of 230 and 35988445.
115
Calculate the highest common factor of 289 and 82104611.
289
Calculate the greatest common divisor of 26 and 507516.
2
Calculate the greatest common divisor of 6105214 and 14.
2
What is the greatest common divisor of 201019917 and 9639?
357
What is the greatest common divisor of 7027515 and 1375?
55
What is the greatest common factor of 1007875 and 17600?
275
Calculate the highest common divisor of 13645 and 43219173.
2729
Calculate the highest common divisor of 15689336 and 2164856.
4696
Calculate the greatest common factor of 494624 and 6409.
377
What is the greatest common factor of 377 and 150777409?
29
Calculate the highest common factor of 31312 and 406192.
16
Calculate the highest common factor of 117 and 2978763.
3
Calculate the highest common factor of 1148328 and 36.
36
Calculate the highest common divisor of 144 and 1328949.
9
Calculate the greatest common divisor of 861 and 4618551.
21
Calculate the greatest common divisor of 23706 and 275211.
27
What is the greatest common factor of 135501 and 4512?
141
What is the highest common divisor of 13180 and 53539796?
2636
Calculate the highest common divisor of 637 and 853801.
13
What is the highest common factor of 25049 and 4403?
37
Calculate the highest common divisor of 330746497 and 43.
43
What is the highest common factor of 245956899 and 236?
59
Calculate the greatest common divisor of 3489131 and 42585.
2839
Calculate the highest common factor of 286109 and 1063607.
1283
What is the highest common divisor of 72 and 11725830?
18
Calculate the greatest common divisor of 237311 and 98944.
773
What is the highest common factor of 87 and 7982917?
29
What is the greatest common divisor of 2551692246 and 6?
6
What is the greatest common factor of 86416 and 564650?
982
What is the greatest common factor of 173843 and 721151?
661
What is the highest common divisor of 11875 and 373787?
19
Calculate the highest common divisor of 24330 and 286660.
10
What is the greatest common divisor of 8700730 and 354?
118
What is the highest common factor of 20200 and 491100?
100
Calculate the greatest common divisor of 287240661 and 162.
81
What is the highest common divisor of 15 and 1036437315?
15
What is the highest common factor of 917966763 and 486?
243
What is the greatest common divisor of 31556 and 35830564?
196
Calculate the highest common factor of 26985763 and 117719.
1757
Calculate the highest common factor of 23203347 and 9.
3
What is the greatest common factor of 160270336 and 3336?
1112
Calculate the greatest common divisor of 6655 and 1511620.
55
Calculate the highest common factor of 1918495 and 6583.
29
What is the highest common factor of 468717 and 60513?
69
What is the highest common factor of 7015 and 25732423?
1403
Calculate the greatest common divisor of 11534386 and 642.
214
What is the highest common factor of 874022820 and 3160?
1580
Calculate the highest common divisor of 155 and 36353545.
155
What is the highest common divisor of 2593064 and 1160?
232
Calculate the highest common divisor of 164076 and 238986.
66
What is the greatest common divisor of 100062256 and 84?
28
Calculate the greatest common divisor of 2315174 and 18.
2
What is the highest common divisor of 545 and 44881295?
545
What is the highest common divisor of 30804 and 1718682?
906
Calculate the greatest common factor of 20378 and 532.
2
What is the greatest common factor of 158 and 12296903?
79
What is the highest common divisor of 790941025 and 50?
25
What is the highest common factor of 132858 and 3492?
18
What is the highest common factor of 3 and 16958721?
3
Calculate the highest common factor of 33205464 and 54684.
1116
What is the greatest common divisor of 59897486 and 44?
22
Calculate the highest common divisor of 40877 and 369164.
41
What is the greatest common factor of 219 and 4563522?
219
Calculate the highest common divisor of 3965456 and 319.
11
What is the highest common factor of 666933328 and 9057?
3019
Calculate the greatest common factor of 676 and 49109203.
169
Calculate the greatest common divisor of 69330 and 4200.
30
What is the highest common divisor of 181900 and 5100?
1700
Calculate the highest common divisor of 2214452266 and 442.
442
What is the greatest common divisor of 1056295 and 1203226?
731
What is the highest common divisor of 8310 and 294990?
30
What is the highest common factor of 7498 and 112102?
46
What is the highest common divisor of 99 and 4719396?
33
What is the highest common factor of 28 and 9617974?
2
Calculate the greatest common factor of 13 and 45039085.
13
Calculate the greatest common factor of 303 and 196290066.
303
What is the greatest common factor of 905279 and 10242?
569
What is the highest common factor of 32631228 and 756?
756
What is the greatest common divisor of 7856 and 75249187?
491
Calculate the highest common factor of 68544 and 14429856.
672
What is the highest common factor of 10161450 and 702?
702
Calculate the highest common divisor of 11853034 and 17278.
326
Calculate the highest common factor of 2214 and 578674.
82
Calculate the greatest common divisor of 2667589 and 153.
17
What is the highest common factor of 1308309 and 7303?
67
What is the highest common factor of 31025 and 45343950?
1825
What is the greatest common divisor of 4753180 and 1840?
460
Calculate the greatest common divisor of 16929002 and 86774.
2018
Calculate the highest common divisor of 9796608 and 432.
144
Calculate the highest common factor of 45580 and 173840.
1060
Calculate the greatest common divisor of 2366 and 2218034.
182
Calculate the highest common divisor of 36501595 and 195.
65
What is the greatest common factor of 10112 and 187648?
128
Calculate the greatest common factor of 9 and 408717.
9
Calculate the highest common divisor of 1143936 and 452736.
3456
What is the highest common divisor of 69199586 and 554?
554
What is the highest common divisor of 14525199 and 12?
3
What is the greatest common divisor of 3086375 and 29375?
125
What is the highest common divisor of 56 and 1538425?
7
Calculate the highest common factor of 71640 and 27680.
40
Calculate the highest common divisor of 17860360 and 1260.
140
Calculate the highest common divisor of 49992 and 461463654.
12498
What is the highest common factor of 910584052 and 1652?
1652
Calculate the highest common factor of 51901 and 474419.
731
What is the highest common factor of 79269904 and 48?
16
What is the greatest common factor of 16 and 8549784?
8
What is the highest common divisor of 3878 and 1337?
7
Calculate the greatest common divisor of 197524 and 1466572.
1748
What is the greatest common factor of 476 and 227271436?
476
Calculate the greatest common factor of 4880 and 12259048.
488
Calculate the greatest common divisor of 1510873 and 65.
13
What is the highest common factor of 18465740 and 6460?
340
What is the greatest common factor of 49 and 55204212?
7
What is the highest common factor of 1024538764 and 2388?
796
What is the greatest common divisor of 47630 and 148531990?
4330
What is the highest common divisor of 53467 and 524145?
421
Calculate the highest common divisor of 2354804 and 4771276.
2284
What is the greatest common divisor of 12789459 and 797?
797
Calculate the greatest common factor of 11256 and 21649308.
804
Calculate the greatest common factor of 3606185 and 2365.
55
What is the greatest common factor of 6659136 and 11?
11
W